. What is the hundreds digit of (-10)/(((-45)/a)/9)?
1
Suppose -19*o + 23*o = -5152. What is the units digit of (-1 - -2)/((-14)/o)?
2
Let x = 45 + -43. Suppose x*p = -2*p + 4. What is the units digit of p?
1
Let c(g) = 2911*g - 122. What is the hundreds digit of c(2)?
7
Let a be (-11)/(-11) + 2*2. Suppose s + a*f = 7, -4*s - 3*f = -3*s - 9. What is the units digit of s?
2
What is the hundreds digit of -854*(15/4 + -4)*2?
4
Let n = -5524 + 10273. What is the tens digit of n?
4
Let r = 146 - -6. What is the units digit of r/(-16)*(-1 + -1 + 0)?
9
Let n(d) = 4*d**2. Let u be n(1). Suppose 0*x - u*x = -500. Suppose -5*v + 10*v = x. What is the units digit of v?
5
What is the tens digit of (-2)/(-4)*22 + 34?
4
Suppose -5*j - 4*g + 4530 = 0, 5*g - 2718 = -4*j + j. What is the units digit of j?
6
Let b = -2505 - -4292. What is the tens digit of b?
8
Suppose -d + 9 - 10 = 0. What is the units digit of (d/1)/((-3)/291)?
7
Let p be (-2 + (-304)/(-14))*7. Let l be -2*(p/(-4) + 2). Suppose 5*r - 70 = l. What is the units digit of r?
7
Suppose 0 = 13*j - 16 - 2428. What is the units digit of j?
8
Suppose -5*k = 5*w - 16845, -16813 = 35*k - 40*k + 3*w. What is the units digit of k?
5
Let j(z) = -47*z - 38. What is the hundreds digit of j(-12)?
5
Suppose 5*a = -5*w + 6330, 4*a - 5*w - 1792 = 3245. What is the tens digit of a?
6
Suppose 2*b = 5*q + 202, -3*b + 234 = -b + 3*q. Suppose -b = -4*i - 3*f, 2*i - 30 = -4*f + 18. Suppose -2*y + i + 14 = 0. What is the units digit of y?
2
Let r be (-4)/2 + 3 + -1. Suppose -6*u + 3 - 21 = r. What is the units digit of (u/9)/((-1)/156)?
2
Let r(f) be the first derivative of 19*f**4/2 - 4*f**3/3 - 4*f + 5. What is the hundreds digit of r(2)?
2
Suppose 8*y + 342 + 50 = 0. Let l = y - -82. Suppose 2*k - 83 = -l. What is the units digit of k?
5
Let l(d) = -4*d**3 + d**2 - 15*d - 43. What is the units digit of l(-6)?
7
Suppose 5*u + 5 = -g, -2*g - 3*u + 2 = -5*u. Suppose g = h + h + 16. Let c = -4 - h. What is the units digit of c?
4
Suppose l - 6 = -l + o, 4*l - 5*o - 24 = 0. What is the units digit of l/(-2)*-41*(-14)/(-7)?
1
Suppose -443*c + 2799 = -440*c. What is the units digit of c?
3
Let q be (-1 - -2)/((-8)/(-136)). Let z(s) = -1 + s**2 - q*s + 3 + 22 - 1. What is the tens digit of z(19)?
6
Suppose 0 = -13*q + 3*q + 8360. What is the hundreds digit of q?
8
Let k be (-1)/(3 + (-51)/18). Let f = k + 9. Suppose 26 + 31 = 2*s + 3*w, -15 = -f*w. What is the tens digit of s?
2
Suppose 32 = 5*b + 2*o, 4*o - 33 = -5*b + o. What is the units digit of 1 + 24*4*b/9?
5
Let f = -77 + 82. Suppose -37 = -r - 2*r + u, -f*r = 4*u - 73. What is the tens digit of r?
1
Let l(i) = 35*i**2 - 11*i + 6. What is the tens digit of l(1)?
3
Let i = -459 - -1848. What is the tens digit of i?
8
Suppose -5*v + 3*k = -224, 6*k = -3*v + 10*k + 130. What is the units digit of 6/(-10) + v/10?
4
Let o = -1843 + 2010. What is the hundreds digit of o?
1
Suppose i - 5 = 0, -2*i = -6*q + 2*q + 2134. What is the tens digit of q?
3
Let n = 366 + 133. What is the units digit of n?
9
Let y = -8 - 1. Let t(z) = 7*z**3 + 11*z**2 - 22*z - 9. Let w(m) = 3*m**3 + 6*m**2 - 11*m - 5. Let j(f) = -2*t(f) + 5*w(f). What is the tens digit of j(y)?
1
Let x(y) = 6*y**2 + y - 6. What is the hundreds digit of x(-9)?
4
Suppose -s = -4*l - 180, -5*s + 2*l = -l - 815. What is the hundreds digit of s?
1
Suppose -2*h - 10 = -4*h. Suppose 1 = -h*q - 19, n + 31 = 2*q. Let w = n - -59. What is the units digit of w?
0
Suppose 5*n - 50 = 2*t + 12, -5*t + n = 155. Let y = t + 60. What is the tens digit of y?
2
Suppose 5*l - 4*y = -1666 + 7056, 2*l + 2*y - 2138 = 0. What is the tens digit of l?
7
Let s be (6/(-1))/(-2) + -1. Let z(n) = -6*n + s + 13 - n**2 + 1. What is the units digit of z(-7)?
9
Let k be (5/2)/(2/4). Let x(p) = -p**3 + 15*p**2 + 7*p - 52. Let o be x(15). Suppose -z = k*v + 13, 0*v - o = -4*z + v. What is the units digit of z?
2
Let f(u) = u**3 - u**2 - 8*u - 1. Let a be f(6). Let s = a - 30. What is the units digit of s?
1
Let b = -10 + 16. Let m be b/4 - (-29)/(-2). Let f(t) = -2*t + 10. What is the tens digit of f(m)?
3
Let h = 34 - 20. Suppose 3*x - 3*w = -4*w + h, -x - w = -4. Suppose -4*c = -5*y + 288, -255 = -6*y + 2*y - x*c. What is the tens digit of y?
6
Let p be (-25)/4 - 1/(-4). Suppose -5*w = -9 + 94. Let q = p - w. What is the tens digit of q?
1
Suppose -4*q = 3*g - 650, -3*g + 2*q - 870 = -7*g. Suppose 4*p = -l + g, -l = 2*l + 5*p - 626. What is the hundreds digit of l?
2
Let j(r) = -19*r - 27. Let h = 93 + -98. What is the units digit of j(h)?
8
Let c = -27 + 31. Let u(w) = w**2 - 3*w. Let r be u(c). Let k = r - -7. What is the tens digit of k?
1
Let l = 1327 - 524. What is the units digit of l?
3
Let g be (1/(-2))/((-1)/12). Let k(n) = g*n**2 - 2*n**2 + n + 11 - 5*n**2. What is the tens digit of k(0)?
1
Let p = -13 - -18. Let b(i) = -7*i - 3. Let w(d) = -3*d - 1. Let h(l) = p*w(l) - 2*b(l). What is the units digit of h(-2)?
3
Suppose -9*k - 952 = -2*k. Let p = k + 193. What is the units digit of p?
7
Let h = -96 - -161. What is the tens digit of h?
6
Let z(c) = -3*c**3 - 16*c**2 - 46*c + 36. What is the units digit of z(-11)?
9
Suppose 4*q = 5*n + 13074, 9*n - 6 = 12*n. What is the hundreds digit of q?
2
Let d be (-1512)/88 - (-2)/11. Let n = d - -28. What is the tens digit of n?
1
Suppose -80827 = -27*a - 13138. What is the tens digit of a?
0
Let h(d) = 6*d**2 - 4*d - 15. What is the tens digit of h(-12)?
9
What is the units digit of (-79)/(-2)*532/14?
1
Let s(j) be the first derivative of 17*j**3/3 + 7. Let q be s(-1). Let r = 18 + q. What is the tens digit of r?
3
Suppose -5*y - 36 = -8*y. Let f = y + 32. What is the tens digit of f?
4
Let a(c) = 37*c**2 + 2. Let j be (2/(-3)*6)/((-6)/(-3)). What is the hundreds digit of a(j)?
1
Let s(i) = 4*i**3 + 4*i**2 - 13*i + 4. Suppose 0 = 2*n + 4, 2*t + 9 - 5 = -5*n. What is the hundreds digit of s(t)?
1
Let x(v) = 7*v - 33. Let j(o) = 18*o - 82. Let b(n) = 5*j(n) - 12*x(n). What is the tens digit of b(5)?
1
Let h = -6 - -6. Let y = 4 - h. What is the units digit of ((-1)/3)/(y/(-732))?
1
Let q be -23 + 0 + 0 + 1. Suppose -4*m - 53 + 257 = 0. Let z = q + m. What is the tens digit of z?
2
Suppose -5*p + 3 - 18 = 0. What is the units digit of p*(0 + (-53)/3)?
3
Suppose 0 = 3*u - 11*u. Suppose 3*f - 2*z - 327 = u, -2*z = 3*f + z - 327. What is the tens digit of f?
0
Let r = 493 + 279. What is the tens digit of r?
7
Let o(r) = -1 + 5 - 4*r + 2*r**2 + 7*r. Let k be o(-2). Suppose k*d = 39 + 21. What is the tens digit of d?
1
Let i(q) = -8*q - 28. Let t = -13 + 5. Let z be i(t). Let h = 88 - z. What is the tens digit of h?
5
Suppose -5*y + 2738 = 3*r, -2*y - 1666 = -5*y + 4*r. What is the units digit of y?
0
Let n be -3 + (-129)/6*-2. Let j = n + -5. What is the tens digit of ((-161)/j)/(1/(-5))?
2
What is the tens digit of -4 + 1 - (-910 - 0/(-4))?
0
Let h be -1*(1 - (-1 + 3)). Let w be -1 - (0 - h) - 33. Let g = 12 - w. What is the units digit of g?
5
Suppose 0 = 38*o + 21*o - 149093. What is the tens digit of o?
2
Let n = -65 - 34. What is the hundreds digit of (2 + (-33)/9)*n?
1
Let q be (3 - 29 - 0)/(-2). Suppose -3*i + 9 - 25 = 4*d, 4*i - 3*d + q = 0. What is the tens digit of 3 + i - (-37 - 1)?
3
Let m(b) = -226*b**3 + 3*b**2 + 3*b + 2. Let p be m(-2). What is the tens digit of (-2)/9 + p/72?
2
Let j = -10 - -11. Let a(k) = 5*k - 1. Let r be a(j). What is the tens digit of 94/r + (-3)/2?
2
What is the tens digit of (3690/135)/(1/30)?
2
Suppose 0 = -2*a - 13 - 31. Let r = 18 + a. What is the tens digit of (-597)/(-12) + r/(-16)?
5
Suppose -2*t - 2*n = -18, -3*t + 5*n = t. Suppose -3*p = -t*h - 29, 4*p + 0*p = 4*h + 44. What is the units digit of p?
3
Let w = 53 + 22. Suppose -6*y + w = -87. What is the tens digit of y?
2
Let b be -1 + (-39 - (-1 - -2)). Let t be -102 + (-7 - -4 - -2). Let x = b - t. What is the tens digit of x?
6
Let n be (-2)/(1*(-5)/(-210)). Let h = -71 - n. What is the units digit of h?
3
Let p(w) = -w**3 - 6*w**2 - w - 6. Let v be p(-6). What is the units digit of (-137)/4*(-4 + v)?
7
Let y = 69 + -67. Suppose 2*z = -5*i + 156, -i = y*z + 39 - 195. What is the units digit of z?
8
Suppose -2*a = -2*s - 1638, 10*s - 6*s = 3*a - 2455. What is the tens digit of a?
2
Let n(x) = 5 + 2*x + x